{"id":30,"date":"2014-11-05T18:48:44","date_gmt":"2014-11-05T17:48:44","guid":{"rendered":"http:\/\/mizawob.de\/?page_id=30"},"modified":"2023-08-13T11:29:44","modified_gmt":"2023-08-13T10:29:44","slug":"geocaching-2","status":"publish","type":"page","link":"https:\/\/mizawob.de\/?page_id=30","title":{"rendered":"Geocaching"},"content":{"rendered":"<p><span style=\"font-family: times new roman,times; font-size: 12pt;\"><span style=\"font-family: arial,helvetica,sans-serif;\">2010 habe ich mit Geocaching angefangen. Man kann es sehr sch\u00f6n mit Radfahren und Wandern verbinden. Geocaching ist die moderne Art der Schnitzeljagd, welche man weltweit zu jeder Tag und Nachtzeit aus\u00fcben kann. Seit dem ich dieses Hobby betreibe bin ich schon an Orte gewesen die ich sonst garantiert nie kennengelernt h\u00e4tte. Zum Suchen und Finden eines Geocaches braucht man einen GPS Empf\u00e4nger oder ein Smartphone ~ Koordinaten und ein wenig Sp\u00fcrsinn. Die geografischen Koordinaten eines Caches werden zum Beispiel bei <a href=\"https:\/\/www.opencaching.de\/\" target=\"_blank\" rel=\"noopener noreferrer\">Opencaching.de<\/a> oder <a href=\"https:\/\/www.geocaching.com\/\" target=\"_blank\" rel=\"noopener noreferrer\">Geocaching.com<\/a> ver\u00f6ffentlicht.<\/span><br \/>\n<\/span><\/p>\n<p>&nbsp;<\/p>\n<p style=\"text-align: center;\"><span style=\"font-family: times new roman,times; font-size: 14pt;\"><span style=\"font-family: arial,helvetica,sans-serif;\">Am 04.08.2011 ist mein erster gelegter Cache <a href=\"https:\/\/coord.info\/GC31C44\" target=\"_blank\" rel=\"noopener\">GC31C44<\/a> freigeschaltet worden<\/span>!<br \/>\nLeider musste ich diesen Cache am 13.11.2019 archivieren, da sich vor Ort die Gegebenheiten komplett ge\u00e4ndert haben!<br \/>\n<\/span><\/p>\n<p style=\"text-align: center;\"><span style=\"font-size: 14pt; font-family: arial,helvetica,sans-serif;\"><strong><a href=\"https:\/\/project-gc.com\/ProfileStats\/mizawob\" target=\"_blank\" rel=\"noopener noreferrer\"><span style=\"color: #008000;\">Meine Cache Statistik<\/span><\/a><\/strong><\/span><\/p>\n<p>&nbsp;<\/p>\n<p style=\"text-align: center;\"><a href=\"https:\/\/www.geocaching.com\/profile\/?guid=6c98edf0-d323-4fb7-bda0-7683ebd056f6\" target=\"_blank\" rel=\"noopener noreferrer\"><img decoding=\"async\" src=\"https:\/\/img.geocaching.com\/stats\/img.aspx?txt=Let's+Go+Geocaching!&amp;uid=6c98edf0-d323-4fb7-bda0-7683ebd056f6&amp;bg=1\" alt=\"Profile for mizawob\" \/><\/a><\/p>\n","protected":false},"excerpt":{"rendered":"<p>2010 habe ich mit Geocaching angefangen. Man kann es sehr sch\u00f6n mit Radfahren und Wandern verbinden. Geocaching ist die moderne Art der Schnitzeljagd, welche man weltweit zu jeder Tag und Nachtzeit aus\u00fcben kann. Seit dem ich dieses Hobby betreibe bin ich schon an Orte gewesen die ich sonst garantiert nie kennengelernt h\u00e4tte. Zum Suchen und [&hellip;]<\/p>\n","protected":false},"author":1,"featured_media":0,"parent":0,"menu_order":3,"comment_status":"open","ping_status":"open","template":"","meta":{"footnotes":""},"class_list":["post-30","page","type-page","status-publish","hentry"],"_links":{"self":[{"href":"https:\/\/mizawob.de\/index.php?rest_route=\/wp\/v2\/pages\/30","targetHints":{"allow":["GET"]}}],"collection":[{"href":"https:\/\/mizawob.de\/index.php?rest_route=\/wp\/v2\/pages"}],"about":[{"href":"https:\/\/mizawob.de\/index.php?rest_route=\/wp\/v2\/types\/page"}],"author":[{"embeddable":true,"href":"https:\/\/mizawob.de\/index.php?rest_route=\/wp\/v2\/users\/1"}],"replies":[{"embeddable":true,"href":"https:\/\/mizawob.de\/index.php?rest_route=%2Fwp%2Fv2%2Fcomments&post=30"}],"version-history":[{"count":34,"href":"https:\/\/mizawob.de\/index.php?rest_route=\/wp\/v2\/pages\/30\/revisions"}],"predecessor-version":[{"id":2455,"href":"https:\/\/mizawob.de\/index.php?rest_route=\/wp\/v2\/pages\/30\/revisions\/2455"}],"wp:attachment":[{"href":"https:\/\/mizawob.de\/index.php?rest_route=%2Fwp%2Fv2%2Fmedia&parent=30"}],"curies":[{"name":"wp","href":"https:\/\/api.w.org\/{rel}","templated":true}]}}